{"id":11,"date":"2020-03-18T07:57:21","date_gmt":"2020-03-18T06:57:21","guid":{"rendered":"https:\/\/shop.barfuesser.ch\/gutscheine\/?page_id=11"},"modified":"2024-12-19T07:08:50","modified_gmt":"2024-12-19T06:08:50","slug":"sushi-bequem-nach-hause-liefern","status":"publish","type":"page","link":"https:\/\/shop.barfuesser.ch\/gutscheine\/","title":{"rendered":"Barf\u00fcsser Gutscheine kaufen"},"content":{"rendered":"<p><img decoding=\"async\" src=\"\/gutscheine\/wp-content\/uploads\/sites\/8\/2024\/12\/BF_Japanerli_Gutschein_500px.gif\" alt=\"\"><\/p>\n<div>Machen gl\u00fccklich<\/div>\n<h1>Barf\u00fcsser Gutscheine<\/h1>\n<p><a href=\"#start\">[arrow-down]<\/a><\/p>\n<h2>sushi zum verschenken<\/h2>\n<div>\n<p>Wenn wir unsere Gutscheine geschenkt bek\u00e4men, h\u00e4tten wir eine riiieeeesen Freude!<\/p>\n<p>Falls es einem lieben Menschen in deinem Umfeld auch so geht, musst du nicht mehr weiter nach einem passenden Geschenk suchen. Gerne senden wir dir die Gutscheine nach Hause.\u00a0<\/p>\n<p>Falls es ganz schnell gehen muss, kannst du den Gutschein nat\u00fcrlich auch bei uns im Restaurant abholen. Besuche daf\u00fcr den Online-Shop des Barf\u00fcsser Restaurants, in dem du die Gutscheine abholen m\u00f6chtest. Dort kannst du ihn als Take-away Bestellung bezahlen und vor Ort abholen. Auf diese Weise fallen keine Versandkosten an.<\/p>\n<\/div>\n<div>\n<div class=\"woocommerce\"><\/div><\/div>\n<h1>Warenkorb<\/h1>\n<div>\n<\/div>\n<p><!--more--><br \/>\n<!-- {\"type\":\"layout\",\"children\":[{\"name\":\"Hero\",\"type\":\"section\",\"props\":{\"animation\":\"slide-bottom-medium\",\"animation_delay\":\"200\",\"image_position\":\"center-center\",\"image_size\":\"cover\",\"image_width\":\"1920\",\"media\":\"images\\\/service-header.jpg\",\"overlap\":true,\"style\":\"default\",\"title_breakpoint\":\"xl\",\"title_position\":\"top-left\",\"title_rotation\":\"left\",\"vertical_align\":\"middle\",\"width\":\"default\"},\"children\":[{\"type\":\"row\",\"children\":[{\"type\":\"column\",\"props\":{\"image_position\":\"center-center\",\"position_sticky_breakpoint\":\"m\",\"width_medium\":\"1-1\"},\"children\":[{\"type\":\"image\",\"props\":{\"image\":\"wp-content\\\/uploads\\\/sites\\\/8\\\/2024\\\/12\\\/BF_Japanerli_Gutschein_500px.gif\",\"image_svg_color\":\"emphasis\",\"image_width\":300,\"margin\":\"default\",\"text_align\":\"center\"}},{\"type\":\"headline\",\"props\":{\"content\":\"Machen gl\\u00fccklich\",\"margin\":\"small\",\"text_align\":\"center\",\"title_element\":\"div\",\"title_style\":\"h5\"}},{\"type\":\"headline\",\"props\":{\"content\":\"Barf\\u00fcsser Gutscheine\",\"margin\":\"small\",\"text_align\":\"center\",\"title_element\":\"h1\",\"title_style\":\"heading-medium\"}},{\"type\":\"icon\",\"props\":{\"icon\":\"arrow-down\",\"icon_width\":\"40\",\"link\":\"#start\",\"margin\":\"default\",\"text_align\":\"center\"}}]}]}]},{\"name\":\"Advice\",\"type\":\"section\",\"props\":{\"animation\":\"fade\",\"image_position\":\"center-center\",\"image_size\":\"cover\",\"overlap\":true,\"padding\":\"large\",\"style\":\"default\",\"title_breakpoint\":\"xl\",\"title_position\":\"top-left\",\"title_rotation\":\"left\",\"vertical_align\":\"middle\",\"width\":\"xlarge\",\"yooessentials_access_conditions\":[{\"type\":\"yooessentials_access_date\",\"props\":{\"publish_up\":\"2023-12-28\"}}],\"yooessentials_access_mode\":\"AND\"},\"children\":[{\"type\":\"row\",\"props\":{\"vertical_align\":true,\"width\":\"small\"},\"children\":[{\"type\":\"column\",\"props\":{\"image_position\":\"center-center\",\"position_sticky_breakpoint\":\"m\",\"vertical_align\":\"middle\",\"width_medium\":\"1-1\"},\"children\":[{\"type\":\"headline\",\"props\":{\"content\":\"sushi zum verschenken\",\"text_align\":\"center\",\"text_align_breakpoint\":\"s\",\"text_align_fallback\":\"center\",\"title_element\":\"h2\"}},{\"type\":\"text\",\"props\":{\"column_breakpoint\":\"m\",\"content\":\"\n\n<p>Wenn wir unsere Gutscheine geschenkt bek\\u00e4men, h\\u00e4tten wir eine riiieeeesen Freude!<\\\/p>\\n\n\n<p>Falls es einem lieben Menschen in deinem Umfeld auch so geht, musst du nicht mehr weiter nach einem passenden Geschenk suchen. Gerne senden wir dir die Gutscheine nach Hause.\\u00a0<\\\/p>\\n\n\n<p>Falls es ganz schnell gehen muss, kannst du den Gutschein nat\\u00fcrlich auch bei uns im Restaurant abholen. Besuche daf\\u00fcr den Online-Shop des Barf\\u00fcsser Restaurants, in dem du die Gutscheine abholen m\\u00f6chtest. Dort kannst du ihn als Take-away Bestellung bezahlen und vor Ort abholen. Auf diese Weise fallen keine Versandkosten an.<\\\/p>\",\"margin\":\"default\",\"text_align\":\"center\",\"text_style\":\"large\"}},{\"type\":\"html\",\"props\":{\"content\":\"[shop_messages]\"}}]}]},{\"type\":\"row\",\"props\":{\"id\":\"start\",\"width\":\"small\"},\"children\":[{\"type\":\"column\",\"props\":{\"image_position\":\"center-center\",\"position_sticky_breakpoint\":\"m\"},\"children\":[{\"type\":\"panel\",\"props\":{\"content_column_breakpoint\":\"m\",\"icon_width\":80,\"image_align\":\"left\",\"image_grid_breakpoint\":\"m\",\"image_grid_width\":\"1-2\",\"image_height\":\"350\",\"image_svg_color\":\"emphasis\",\"image_vertical_align\":true,\"link_style\":\"default\",\"link_text\":\"Read more\",\"margin\":\"default\",\"meta_align\":\"below-title\",\"meta_color\":\"secondary\",\"meta_element\":\"div\",\"meta_style\":\"text-meta\",\"panel_image_no_padding\":true,\"panel_padding\":\"default\",\"panel_style\":\"card-default\",\"title_align\":\"top\",\"title_element\":\"h2\",\"title_grid_breakpoint\":\"m\",\"title_grid_width\":\"1-2\",\"title_hover_style\":\"reset\"},\"source\":{\"query\":{\"name\":\"#parent\"},\"props\":{\"title\":{\"filters\":{\"search\":\"\"},\"name\":\"title\"},\"meta\":{\"filters\":{\"search\":\"\"},\"arguments\":{\"show_excerpt\":true},\"name\":\"teaser\"},\"image\":{\"filters\":{\"search\":\"\"},\"name\":\"featuredImage.url\"},\"image_alt\":{\"filters\":{\"search\":\"\"},\"name\":\"title\"}}},\"source_extended\":{\"props\":{\"content\":{\"composed\":{\"value\":\"{{ sources.af5e }}\\n\n\n<div class=\\\"product-quantity-container uk-margin\\\" uk-grid=\\\"\\\">\\n\n\n<div class=\\\"quantity-input uk-width-expand\\\"><button class=\\\"uk-icon-button decrease-btn\\\" uk-icon=\\\"minus\\\"><\\\/button> <input type=\\\"text\\\" class=\\\"quantity-display uk-input uk-text-center\\\" value=\\\"1\\\" readonly=\\\"readonly\\\" data-min=\\\"1\\\" data-max=\\\"10\\\" \\\/> <button class=\\\"uk-icon-button increase-btn\\\" uk-icon=\\\"plus\\\"><\\\/button>\\n\n\n<div class=\\\"uk-margin-top\\\">[add_to_cart id=\\\"{{ sources.1d3f }}\\\" style=\\\"border:0\\\" show_price=\\\"FALSE\\\"]<\\\/div>\\n<\\\/div>\\n<\\\/div>\",\"sources\":{\"af5e\":{\"filters\":{\"search\":\"\"},\"arguments\":{\"show_intro_text\":true},\"name\":\"content\"},\"1d3f\":{\"name\":\"id\"}},\"conditions\":{}}}}}}]}],\"source\":{\"query\":{\"name\":\"products.customProducts\",\"arguments\":{\"terms\":[115],\"product_cat_operator\":\"IN\",\"product_tag_operator\":\"IN\",\"product_visibility_operator\":\"IN\",\"users\":[],\"users_operator\":\"IN\",\"offset\":0,\"limit\":10,\"order\":\"menu_order\",\"order_direction\":\"ASC\"}}}},{\"type\":\"row\",\"children\":[{\"type\":\"column\",\"props\":{\"image_position\":\"center-center\",\"position_sticky_breakpoint\":\"m\",\"width_medium\":\"1-1\"},\"children\":[{\"type\":\"divider\",\"props\":{\"block_align\":\"center\",\"divider_element\":\"div\",\"divider_style\":\"icon\",\"maxwidth\":\"large\"}},{\"type\":\"headline\",\"props\":{\"content\":\"Warenkorb\",\"id\":\"cart\",\"text_align\":\"center\",\"title_element\":\"h1\"}},{\"type\":\"html\",\"props\":{\"content\":\"[woocommerce_cart]\",\"css\":\".cart-empty, .return-to-shop {display:none;}\",\"id\":\"cart\"}}]}],\"props\":{\"width\":\"small\"}}]}],\"version\":\"4.4.16\",\"yooessentialsVersion\":\"2.2.31\"} --><\/p>\n","protected":false},"excerpt":{"rendered":"<p>Machen gl\u00fccklich Barf\u00fcsser Gutscheine [arrow-down] sushi zum verschenken Wenn wir unsere Gutscheine geschenkt bek\u00e4men, h\u00e4tten wir eine riiieeeesen Freude! Falls es einem lieben Menschen in deinem Umfeld auch so geht, musst du nicht mehr weiter nach einem passenden Geschenk suchen. Gerne senden wir dir die Gutscheine nach Hause.\u00a0 Falls es ganz schnell gehen muss, kannst [&hellip;]<\/p>\n","protected":false},"author":1,"featured_media":0,"parent":0,"menu_order":0,"comment_status":"closed","ping_status":"closed","template":"","meta":{"footnotes":""},"class_list":["post-11","page","type-page","status-publish","hentry"],"yoast_head":"<!-- This site is optimized with the Yoast SEO plugin v27.5 - https:\/\/yoast.com\/product\/yoast-seo-wordpress\/ -->\n<title>Barf\u00fcsser Gutscheine kaufen - Barf\u00fcsser Gutscheine<\/title>\n<meta name=\"description\" content=\"Wir beliefern das rechte und linke Z\u00fcrichseeufer sowie die Region Mutschellen mit unserem frisch zubereiteten Sushi.\" \/>\n<meta name=\"robots\" content=\"index, follow, max-snippet:-1, max-image-preview:large, max-video-preview:-1\" \/>\n<link rel=\"canonical\" href=\"https:\/\/shop.barfuesser.ch\/gutscheine\/\" \/>\n<meta property=\"og:locale\" content=\"de_DE\" \/>\n<meta property=\"og:type\" content=\"article\" \/>\n<meta property=\"og:title\" content=\"Barf\u00fcsser Gutscheine kaufen - Barf\u00fcsser Gutscheine\" \/>\n<meta property=\"og:description\" content=\"Wir beliefern das rechte und linke Z\u00fcrichseeufer sowie die Region Mutschellen mit unserem frisch zubereiteten Sushi.\" \/>\n<meta property=\"og:url\" content=\"https:\/\/shop.barfuesser.ch\/gutscheine\/\" \/>\n<meta property=\"og:site_name\" content=\"Barf\u00fcsser Gutscheine\" \/>\n<meta property=\"article:modified_time\" content=\"2024-12-19T06:08:50+00:00\" \/>\n<meta name=\"twitter:card\" content=\"summary_large_image\" \/>\n<meta name=\"twitter:label1\" content=\"Gesch\u00e4tzte Lesezeit\" \/>\n\t<meta name=\"twitter:data1\" content=\"4\u00a0Minuten\" \/>\n<script type=\"application\/ld+json\" class=\"yoast-schema-graph\">{\"@context\":\"https:\\\/\\\/schema.org\",\"@graph\":[{\"@type\":\"WebPage\",\"@id\":\"https:\\\/\\\/shop.barfuesser.ch\\\/gutscheine\\\/\",\"url\":\"https:\\\/\\\/shop.barfuesser.ch\\\/gutscheine\\\/\",\"name\":\"Barf\u00fcsser Gutscheine kaufen - Barf\u00fcsser Gutscheine\",\"isPartOf\":{\"@id\":\"https:\\\/\\\/shop.barfuesser.ch\\\/gutscheine\\\/#website\"},\"datePublished\":\"2020-03-18T06:57:21+00:00\",\"dateModified\":\"2024-12-19T06:08:50+00:00\",\"description\":\"Wir beliefern das rechte und linke Z\u00fcrichseeufer sowie die Region Mutschellen mit unserem frisch zubereiteten Sushi.\",\"breadcrumb\":{\"@id\":\"https:\\\/\\\/shop.barfuesser.ch\\\/gutscheine\\\/#breadcrumb\"},\"inLanguage\":\"de\",\"potentialAction\":[{\"@type\":\"ReadAction\",\"target\":[\"https:\\\/\\\/shop.barfuesser.ch\\\/gutscheine\\\/\"]}]},{\"@type\":\"BreadcrumbList\",\"@id\":\"https:\\\/\\\/shop.barfuesser.ch\\\/gutscheine\\\/#breadcrumb\",\"itemListElement\":[{\"@type\":\"ListItem\",\"position\":1,\"name\":\"Home\",\"item\":\"https:\\\/\\\/shop.barfuesser.ch\\\/gutscheine\\\/\"},{\"@type\":\"ListItem\",\"position\":2,\"name\":\"Barf\u00fcsser Gutscheine kaufen\"}]},{\"@type\":\"WebSite\",\"@id\":\"https:\\\/\\\/shop.barfuesser.ch\\\/gutscheine\\\/#website\",\"url\":\"https:\\\/\\\/shop.barfuesser.ch\\\/gutscheine\\\/\",\"name\":\"Barf\u00fcsser Gutscheine\",\"description\":\"Sushi home delivery\",\"potentialAction\":[{\"@type\":\"SearchAction\",\"target\":{\"@type\":\"EntryPoint\",\"urlTemplate\":\"https:\\\/\\\/shop.barfuesser.ch\\\/gutscheine\\\/?s={search_term_string}\"},\"query-input\":{\"@type\":\"PropertyValueSpecification\",\"valueRequired\":true,\"valueName\":\"search_term_string\"}}],\"inLanguage\":\"de\"}]}<\/script>\n<!-- \/ Yoast SEO plugin. -->","yoast_head_json":{"title":"Barf\u00fcsser Gutscheine kaufen - Barf\u00fcsser Gutscheine","description":"Wir beliefern das rechte und linke Z\u00fcrichseeufer sowie die Region Mutschellen mit unserem frisch zubereiteten Sushi.","robots":{"index":"index","follow":"follow","max-snippet":"max-snippet:-1","max-image-preview":"max-image-preview:large","max-video-preview":"max-video-preview:-1"},"canonical":"https:\/\/shop.barfuesser.ch\/gutscheine\/","og_locale":"de_DE","og_type":"article","og_title":"Barf\u00fcsser Gutscheine kaufen - Barf\u00fcsser Gutscheine","og_description":"Wir beliefern das rechte und linke Z\u00fcrichseeufer sowie die Region Mutschellen mit unserem frisch zubereiteten Sushi.","og_url":"https:\/\/shop.barfuesser.ch\/gutscheine\/","og_site_name":"Barf\u00fcsser Gutscheine","article_modified_time":"2024-12-19T06:08:50+00:00","twitter_card":"summary_large_image","twitter_misc":{"Gesch\u00e4tzte Lesezeit":"4\u00a0Minuten"},"schema":{"@context":"https:\/\/schema.org","@graph":[{"@type":"WebPage","@id":"https:\/\/shop.barfuesser.ch\/gutscheine\/","url":"https:\/\/shop.barfuesser.ch\/gutscheine\/","name":"Barf\u00fcsser Gutscheine kaufen - Barf\u00fcsser Gutscheine","isPartOf":{"@id":"https:\/\/shop.barfuesser.ch\/gutscheine\/#website"},"datePublished":"2020-03-18T06:57:21+00:00","dateModified":"2024-12-19T06:08:50+00:00","description":"Wir beliefern das rechte und linke Z\u00fcrichseeufer sowie die Region Mutschellen mit unserem frisch zubereiteten Sushi.","breadcrumb":{"@id":"https:\/\/shop.barfuesser.ch\/gutscheine\/#breadcrumb"},"inLanguage":"de","potentialAction":[{"@type":"ReadAction","target":["https:\/\/shop.barfuesser.ch\/gutscheine\/"]}]},{"@type":"BreadcrumbList","@id":"https:\/\/shop.barfuesser.ch\/gutscheine\/#breadcrumb","itemListElement":[{"@type":"ListItem","position":1,"name":"Home","item":"https:\/\/shop.barfuesser.ch\/gutscheine\/"},{"@type":"ListItem","position":2,"name":"Barf\u00fcsser Gutscheine kaufen"}]},{"@type":"WebSite","@id":"https:\/\/shop.barfuesser.ch\/gutscheine\/#website","url":"https:\/\/shop.barfuesser.ch\/gutscheine\/","name":"Barf\u00fcsser Gutscheine","description":"Sushi home delivery","potentialAction":[{"@type":"SearchAction","target":{"@type":"EntryPoint","urlTemplate":"https:\/\/shop.barfuesser.ch\/gutscheine\/?s={search_term_string}"},"query-input":{"@type":"PropertyValueSpecification","valueRequired":true,"valueName":"search_term_string"}}],"inLanguage":"de"}]}},"_links":{"self":[{"href":"https:\/\/shop.barfuesser.ch\/gutscheine\/wp-json\/wp\/v2\/pages\/11","targetHints":{"allow":["GET"]}}],"collection":[{"href":"https:\/\/shop.barfuesser.ch\/gutscheine\/wp-json\/wp\/v2\/pages"}],"about":[{"href":"https:\/\/shop.barfuesser.ch\/gutscheine\/wp-json\/wp\/v2\/types\/page"}],"author":[{"embeddable":true,"href":"https:\/\/shop.barfuesser.ch\/gutscheine\/wp-json\/wp\/v2\/users\/1"}],"replies":[{"embeddable":true,"href":"https:\/\/shop.barfuesser.ch\/gutscheine\/wp-json\/wp\/v2\/comments?post=11"}],"version-history":[{"count":427,"href":"https:\/\/shop.barfuesser.ch\/gutscheine\/wp-json\/wp\/v2\/pages\/11\/revisions"}],"predecessor-version":[{"id":90390,"href":"https:\/\/shop.barfuesser.ch\/gutscheine\/wp-json\/wp\/v2\/pages\/11\/revisions\/90390"}],"wp:attachment":[{"href":"https:\/\/shop.barfuesser.ch\/gutscheine\/wp-json\/wp\/v2\/media?parent=11"}],"curies":[{"name":"wp","href":"https:\/\/api.w.org\/{rel}","templated":true}]}}